{"id":465,"date":"2014-10-12T16:51:56","date_gmt":"2014-10-12T14:51:56","guid":{"rendered":"http:\/\/artisan-bois-sabots.fr\/wp\/?post_type=product&#038;p=465"},"modified":"2014-11-17T16:09:49","modified_gmt":"2014-11-17T15:09:49","slug":"cuillere","status":"publish","type":"product","link":"http:\/\/artisan-bois-sabots.fr\/wp\/?product=cuillere","title":{"rendered":"Cuill\u00e8re"},"content":{"rendered":"<p>La cuill\u00e8re est un bel objet traditionnel de la vall\u00e9e de Bethmale ; elle peut servir en d\u00e9coration ou comme cuill\u00e8re \u00e0 sel ou \u00e0 farine<br \/>\nFa\u00e7onn\u00e9 uniquement en bois naturel.<\/p>\n<p>Longueur 12 cm<\/p>\n","protected":false},"excerpt":{"rendered":"<p>La cuill\u00e8re est un bel objet traditionnel de la vall\u00e9e de Bethmale ; elle peut servir en d\u00e9coration ou comme cuill\u00e8re \u00e0 sel ou \u00e0 farine Fa\u00e7onn\u00e9 uniquement en bois naturel. Longueur 12 cm<\/p>\n","protected":false},"featured_media":706,"comment_status":"closed","ping_status":"closed","template":"","meta":[],"yoast_head":"<!-- This site is optimized with the Yoast SEO plugin v22.8 - https:\/\/yoast.com\/wordpress\/plugins\/seo\/ -->\n<title>Cuill\u00e8re  - Pascal Jusot - Artisan sabotier<\/title>\n<meta name=\"description\" content=\"Cette cuill\u00e8re est une reproduction d&#039;objets traditionnel sdes Pyr\u00e9n\u00e9es.\" \/>\n<meta name=\"robots\" content=\"index, follow, max-snippet:-1, max-image-preview:large, max-video-preview:-1\" \/>\n<link rel=\"canonical\" href=\"http:\/\/artisan-bois-sabots.fr\/wp\/?product=cuillere\" \/>\n<meta property=\"og:locale\" content=\"fr_FR\" \/>\n<meta property=\"og:type\" content=\"article\" \/>\n<meta property=\"og:title\" content=\"Cuill\u00e8re  - Pascal Jusot - Artisan sabotier\" \/>\n<meta property=\"og:description\" content=\"Cette cuill\u00e8re est une reproduction d&#039;objets traditionnel sdes Pyr\u00e9n\u00e9es.\" \/>\n<meta property=\"og:url\" content=\"http:\/\/artisan-bois-sabots.fr\/wp\/?product=cuillere\" \/>\n<meta property=\"og:site_name\" content=\"Pascal Jusot - Artisan sabotier\" \/>\n<meta property=\"article:modified_time\" content=\"2014-11-17T15:09:49+00:00\" \/>\n<meta property=\"og:image\" content=\"http:\/\/artisan-bois-sabots.fr\/wp\/wp-content\/uploads\/2014\/10\/ptcuill\u00e8re300x300.jpg\" \/>\n\t<meta property=\"og:image:width\" content=\"300\" \/>\n\t<meta property=\"og:image:height\" content=\"171\" \/>\n\t<meta property=\"og:image:type\" content=\"image\/jpeg\" \/>\n<script type=\"application\/ld+json\" class=\"yoast-schema-graph\">{\"@context\":\"https:\/\/schema.org\",\"@graph\":[{\"@type\":\"WebPage\",\"@id\":\"http:\/\/artisan-bois-sabots.fr\/wp\/?product=cuillere\",\"url\":\"http:\/\/artisan-bois-sabots.fr\/wp\/?product=cuillere\",\"name\":\"Cuill\u00e8re - Pascal Jusot - Artisan sabotier\",\"isPartOf\":{\"@id\":\"http:\/\/artisan-bois-sabots.fr\/wp\/#website\"},\"primaryImageOfPage\":{\"@id\":\"http:\/\/artisan-bois-sabots.fr\/wp\/?product=cuillere#primaryimage\"},\"image\":{\"@id\":\"http:\/\/artisan-bois-sabots.fr\/wp\/?product=cuillere#primaryimage\"},\"thumbnailUrl\":\"http:\/\/artisan-bois-sabots.fr\/wp\/wp-content\/uploads\/2014\/10\/ptcuill\u00e8re300x300.jpg\",\"datePublished\":\"2014-10-12T14:51:56+00:00\",\"dateModified\":\"2014-11-17T15:09:49+00:00\",\"description\":\"Cette cuill\u00e8re est une reproduction d'objets traditionnel sdes Pyr\u00e9n\u00e9es.\",\"breadcrumb\":{\"@id\":\"http:\/\/artisan-bois-sabots.fr\/wp\/?product=cuillere#breadcrumb\"},\"inLanguage\":\"fr-FR\",\"potentialAction\":[{\"@type\":\"ReadAction\",\"target\":[\"http:\/\/artisan-bois-sabots.fr\/wp\/?product=cuillere\"]}]},{\"@type\":\"ImageObject\",\"inLanguage\":\"fr-FR\",\"@id\":\"http:\/\/artisan-bois-sabots.fr\/wp\/?product=cuillere#primaryimage\",\"url\":\"http:\/\/artisan-bois-sabots.fr\/wp\/wp-content\/uploads\/2014\/10\/ptcuill\u00e8re300x300.jpg\",\"contentUrl\":\"http:\/\/artisan-bois-sabots.fr\/wp\/wp-content\/uploads\/2014\/10\/ptcuill\u00e8re300x300.jpg\",\"width\":300,\"height\":171,\"caption\":\"cuill\u00e8re \u00e0 sel\"},{\"@type\":\"BreadcrumbList\",\"@id\":\"http:\/\/artisan-bois-sabots.fr\/wp\/?product=cuillere#breadcrumb\",\"itemListElement\":[{\"@type\":\"ListItem\",\"position\":1,\"name\":\"Accueil\",\"item\":\"http:\/\/artisan-bois-sabots.fr\/wp\"},{\"@type\":\"ListItem\",\"position\":2,\"name\":\"Boutique\",\"item\":\"http:\/\/artisan-bois-sabots.fr\/wp\/?page_id=7\"},{\"@type\":\"ListItem\",\"position\":3,\"name\":\"Cuill\u00e8re\"}]},{\"@type\":\"WebSite\",\"@id\":\"http:\/\/artisan-bois-sabots.fr\/wp\/#website\",\"url\":\"http:\/\/artisan-bois-sabots.fr\/wp\/\",\"name\":\"Pascal Jusot - Artisan sabotier\",\"description\":\"Sabots en bois - Ari\u00e8ge - Pyr\u00e9n\u00e9es\",\"potentialAction\":[{\"@type\":\"SearchAction\",\"target\":{\"@type\":\"EntryPoint\",\"urlTemplate\":\"http:\/\/artisan-bois-sabots.fr\/wp\/?s={search_term_string}\"},\"query-input\":\"required name=search_term_string\"}],\"inLanguage\":\"fr-FR\"}]}<\/script>\n<!-- \/ Yoast SEO plugin. -->","yoast_head_json":{"title":"Cuill\u00e8re  - Pascal Jusot - Artisan sabotier","description":"Cette cuill\u00e8re est une reproduction d'objets traditionnel sdes Pyr\u00e9n\u00e9es.","robots":{"index":"index","follow":"follow","max-snippet":"max-snippet:-1","max-image-preview":"max-image-preview:large","max-video-preview":"max-video-preview:-1"},"canonical":"http:\/\/artisan-bois-sabots.fr\/wp\/?product=cuillere","og_locale":"fr_FR","og_type":"article","og_title":"Cuill\u00e8re  - Pascal Jusot - Artisan sabotier","og_description":"Cette cuill\u00e8re est une reproduction d'objets traditionnel sdes Pyr\u00e9n\u00e9es.","og_url":"http:\/\/artisan-bois-sabots.fr\/wp\/?product=cuillere","og_site_name":"Pascal Jusot - Artisan sabotier","article_modified_time":"2014-11-17T15:09:49+00:00","og_image":[{"width":300,"height":171,"url":"http:\/\/artisan-bois-sabots.fr\/wp\/wp-content\/uploads\/2014\/10\/ptcuill\u00e8re300x300.jpg","type":"image\/jpeg"}],"schema":{"@context":"https:\/\/schema.org","@graph":[{"@type":"WebPage","@id":"http:\/\/artisan-bois-sabots.fr\/wp\/?product=cuillere","url":"http:\/\/artisan-bois-sabots.fr\/wp\/?product=cuillere","name":"Cuill\u00e8re - Pascal Jusot - Artisan sabotier","isPartOf":{"@id":"http:\/\/artisan-bois-sabots.fr\/wp\/#website"},"primaryImageOfPage":{"@id":"http:\/\/artisan-bois-sabots.fr\/wp\/?product=cuillere#primaryimage"},"image":{"@id":"http:\/\/artisan-bois-sabots.fr\/wp\/?product=cuillere#primaryimage"},"thumbnailUrl":"http:\/\/artisan-bois-sabots.fr\/wp\/wp-content\/uploads\/2014\/10\/ptcuill\u00e8re300x300.jpg","datePublished":"2014-10-12T14:51:56+00:00","dateModified":"2014-11-17T15:09:49+00:00","description":"Cette cuill\u00e8re est une reproduction d'objets traditionnel sdes Pyr\u00e9n\u00e9es.","breadcrumb":{"@id":"http:\/\/artisan-bois-sabots.fr\/wp\/?product=cuillere#breadcrumb"},"inLanguage":"fr-FR","potentialAction":[{"@type":"ReadAction","target":["http:\/\/artisan-bois-sabots.fr\/wp\/?product=cuillere"]}]},{"@type":"ImageObject","inLanguage":"fr-FR","@id":"http:\/\/artisan-bois-sabots.fr\/wp\/?product=cuillere#primaryimage","url":"http:\/\/artisan-bois-sabots.fr\/wp\/wp-content\/uploads\/2014\/10\/ptcuill\u00e8re300x300.jpg","contentUrl":"http:\/\/artisan-bois-sabots.fr\/wp\/wp-content\/uploads\/2014\/10\/ptcuill\u00e8re300x300.jpg","width":300,"height":171,"caption":"cuill\u00e8re \u00e0 sel"},{"@type":"BreadcrumbList","@id":"http:\/\/artisan-bois-sabots.fr\/wp\/?product=cuillere#breadcrumb","itemListElement":[{"@type":"ListItem","position":1,"name":"Accueil","item":"http:\/\/artisan-bois-sabots.fr\/wp"},{"@type":"ListItem","position":2,"name":"Boutique","item":"http:\/\/artisan-bois-sabots.fr\/wp\/?page_id=7"},{"@type":"ListItem","position":3,"name":"Cuill\u00e8re"}]},{"@type":"WebSite","@id":"http:\/\/artisan-bois-sabots.fr\/wp\/#website","url":"http:\/\/artisan-bois-sabots.fr\/wp\/","name":"Pascal Jusot - Artisan sabotier","description":"Sabots en bois - Ari\u00e8ge - Pyr\u00e9n\u00e9es","potentialAction":[{"@type":"SearchAction","target":{"@type":"EntryPoint","urlTemplate":"http:\/\/artisan-bois-sabots.fr\/wp\/?s={search_term_string}"},"query-input":"required name=search_term_string"}],"inLanguage":"fr-FR"}]}},"_links":{"self":[{"href":"http:\/\/artisan-bois-sabots.fr\/wp\/index.php?rest_route=\/wp\/v2\/product\/465"}],"collection":[{"href":"http:\/\/artisan-bois-sabots.fr\/wp\/index.php?rest_route=\/wp\/v2\/product"}],"about":[{"href":"http:\/\/artisan-bois-sabots.fr\/wp\/index.php?rest_route=\/wp\/v2\/types\/product"}],"replies":[{"embeddable":true,"href":"http:\/\/artisan-bois-sabots.fr\/wp\/index.php?rest_route=%2Fwp%2Fv2%2Fcomments&post=465"}],"wp:featuredmedia":[{"embeddable":true,"href":"http:\/\/artisan-bois-sabots.fr\/wp\/index.php?rest_route=\/wp\/v2\/media\/706"}],"wp:attachment":[{"href":"http:\/\/artisan-bois-sabots.fr\/wp\/index.php?rest_route=%2Fwp%2Fv2%2Fmedia&parent=465"}],"curies":[{"name":"wp","href":"https:\/\/api.w.org\/{rel}","templated":true}]}}

Cuillère

<p>La cuillère est un bel objet traditionnel de la vallée de Bethmale ; elle peut servir en décoration ou comme cuillère à sel ou à farine<br />
Façonné uniquement en bois naturel.</p>
<p>Longueur 12 cm</p>

<p>La cuillère est un bel objet traditionnel de la vallée de Bethmale ; elle peut servir en décoration ou comme cuillère à sel ou à farine Façonné uniquement en bois naturel. Longueur 12 cm</p>

<!-- This site is optimized with the Yoast SEO plugin v22.8 - https://yoast.com/wordpress/plugins/seo/ -->
<title>Cuillère  - Pascal Jusot - Artisan sabotier</title>
<meta name="description" content="Cette cuillère est une reproduction d&#039;objets traditionnel sdes Pyrénées." />
<meta name="robots" content="index, follow, max-snippet:-1, max-image-preview:large, max-video-preview:-1" />
<link rel="canonical" href="http://artisan-bois-sabots.fr/wp/?product=cuillere" />
<meta property="og:locale" content="fr_FR" />
<meta property="og:type" content="article" />
<meta property="og:title" content="Cuillère  - Pascal Jusot - Artisan sabotier" />
<meta property="og:description" content="Cette cuillère est une reproduction d&#039;objets traditionnel sdes Pyrénées." />
<meta property="og:url" content="http://artisan-bois-sabots.fr/wp/?product=cuillere" />
<meta property="og:site_name" content="Pascal Jusot - Artisan sabotier" />
<meta property="article:modified_time" content="2014-11-17T15:09:49+00:00" />
<meta property="og:image" content="http://artisan-bois-sabots.fr/wp/wp-content/uploads/2014/10/ptcuillère300x300.jpg" />
	<meta property="og:image:width" content="300" />
	<meta property="og:image:height" content="171" />
	<meta property="og:image:type" content="image/jpeg" />
<script type="application/ld+json" class="yoast-schema-graph">{"@context":"https://schema.org","@graph":[{"@type":"WebPage","@id":"http://artisan-bois-sabots.fr/wp/?product=cuillere","url":"http://artisan-bois-sabots.fr/wp/?product=cuillere","name":"Cuillère - Pascal Jusot - Artisan sabotier","isPartOf":{"@id":"http://artisan-bois-sabots.fr/wp/#website"},"primaryImageOfPage":{"@id":"http://artisan-bois-sabots.fr/wp/?product=cuillere#primaryimage"},"image":{"@id":"http://artisan-bois-sabots.fr/wp/?product=cuillere#primaryimage"},"thumbnailUrl":"http://artisan-bois-sabots.fr/wp/wp-content/uploads/2014/10/ptcuillère300x300.jpg","datePublished":"2014-10-12T14:51:56+00:00","dateModified":"2014-11-17T15:09:49+00:00","description":"Cette cuillère est une reproduction d'objets traditionnel sdes Pyrénées.","breadcrumb":{"@id":"http://artisan-bois-sabots.fr/wp/?product=cuillere#breadcrumb"},"inLanguage":"fr-FR","potentialAction":[{"@type":"ReadAction","target":["http://artisan-bois-sabots.fr/wp/?product=cuillere"]}]},{"@type":"ImageObject","inLanguage":"fr-FR","@id":"http://artisan-bois-sabots.fr/wp/?product=cuillere#primaryimage","url":"http://artisan-bois-sabots.fr/wp/wp-content/uploads/2014/10/ptcuillère300x300.jpg","contentUrl":"http://artisan-bois-sabots.fr/wp/wp-content/uploads/2014/10/ptcuillère300x300.jpg","width":300,"height":171,"caption":"cuillère à sel"},{"@type":"BreadcrumbList","@id":"http://artisan-bois-sabots.fr/wp/?product=cuillere#breadcrumb","itemListElement":[{"@type":"ListItem","position":1,"name":"Accueil","item":"http://artisan-bois-sabots.fr/wp"},{"@type":"ListItem","position":2,"name":"Boutique","item":"http://artisan-bois-sabots.fr/wp/?page_id=7"},{"@type":"ListItem","position":3,"name":"Cuillère"}]},{"@type":"WebSite","@id":"http://artisan-bois-sabots.fr/wp/#website","url":"http://artisan-bois-sabots.fr/wp/","name":"Pascal Jusot - Artisan sabotier","description":"Sabots en bois - Ariège - Pyrénées","potentialAction":[{"@type":"SearchAction","target":{"@type":"EntryPoint","urlTemplate":"http://artisan-bois-sabots.fr/wp/?s={search_term_string}"},"query-input":"required name=search_term_string"}],"inLanguage":"fr-FR"}]}</script>
<!-- / Yoast SEO plugin. -->

Cuillère  - Pascal Jusot - Artisan sabotier

Cette cuillère est une reproduction d'objets traditionnel sdes Pyrénées.

http://artisan-bois-sabots.fr/wp/wp-content/uploads/2014/10/ptcuillère300x300.jpg

Cuillère - Pascal Jusot - Artisan sabotier

cuillère à sel

Sabots en bois - Ariège - Pyrénées
