{"id":51,"date":"2014-04-13T20:56:57","date_gmt":"2014-04-13T18:56:57","guid":{"rendered":"http:\/\/artisan-bois-sabots.fr\/wp\/?page_id=51"},"modified":"2021-07-17T16:58:30","modified_gmt":"2021-07-17T14:58:30","slug":"nous","status":"publish","type":"page","link":"http:\/\/artisan-bois-sabots.fr\/wp\/?page_id=51","title":{"rendered":"Qui sommes-nous ?"},"content":{"rendered":"<p>Install\u00e9 dans les Pyr\u00e9n\u00e9es, en Ari\u00e8ge, dans la fameuse vall\u00e9e de Bethmale, je perp\u00e9tue, depuis 1984,\u00a0 la tradition de la fabrication des sabots en bois et des extraordinaires sabots de Bethmale \u00e0 la longue pointe effil\u00e9e.<\/p>\n<p>Je propose \u00e9galement des objets de d\u00e9coration sur le th\u00e8me du sabot et effectue des reproductions d&rsquo;objets traditionnels tels le l\u00e9rou, la cuill\u00e8re \u00e0 \u00e9cr\u00e9mer et la quenouille en bois.<\/p>\n<p>Mon entreprise a re\u00e7u le label \u00ab\u00a0ENTREPRISE du PATRIMOINE VIVANT\u00a0\u00bb, reconnaissance du savoir-faire rare reposant sur la ma\u00eetrise de techniques traditionnelles. Les sabots et la majorit\u00e9 des objets que je fa\u00e7onne ont re\u00e7u le label \u00ab\u00a0Savoir-faire du Parc Naturel R\u00e9gional des Pyr\u00e9n\u00e9es Ari\u00e9geoises\u00a0\u00bb<\/p>\n<p>En venant me voir profitez-en pour d\u00e9couvrir un Pays exceptionnel de traditions et de l\u00e9gendes ! toutes les informations vous seront donn\u00e9es par <a href=\"https:\/\/www.tourisme-couserans-pyrenees.com\/\" rel=\"noopener\" target=\"_blank\">l&rsquo;office de Tourisme Couserans-Pyrenees<\/a>.<\/p>\n","protected":false},"excerpt":{"rendered":"<p>Install\u00e9 dans les Pyr\u00e9n\u00e9es, en Ari\u00e8ge, dans la fameuse vall\u00e9e de Bethmale, je perp\u00e9tue, depuis 1984,\u00a0 la tradition de la fabrication des sabots en bois et des extraordinaires sabots de Bethmale \u00e0 la longue pointe effil\u00e9e. Je propose \u00e9galement des &hellip; <a href=\"http:\/\/artisan-bois-sabots.fr\/wp\/?page_id=51\">Lire la suite\u00ad\u00ad<\/a><\/p>\n","protected":false},"author":1,"featured_media":62,"parent":0,"menu_order":0,"comment_status":"open","ping_status":"open","template":"","meta":{"footnotes":""},"yoast_head":"<!-- This site is optimized with the Yoast SEO plugin v22.8 - https:\/\/yoast.com\/wordpress\/plugins\/seo\/ -->\n<title>Qui sommes-nous ? - Pascal Jusot - Artisan sabotier<\/title>\n<meta name=\"robots\" content=\"index, follow, max-snippet:-1, max-image-preview:large, max-video-preview:-1\" \/>\n<link rel=\"canonical\" href=\"http:\/\/artisan-bois-sabots.fr\/wp\/?page_id=51\" \/>\n<meta property=\"og:locale\" content=\"fr_FR\" \/>\n<meta property=\"og:type\" content=\"article\" \/>\n<meta property=\"og:title\" content=\"Qui sommes-nous ? - Pascal Jusot - Artisan sabotier\" \/>\n<meta property=\"og:description\" content=\"Install\u00e9 dans les Pyr\u00e9n\u00e9es, en Ari\u00e8ge, dans la fameuse vall\u00e9e de Bethmale, je perp\u00e9tue, depuis 1984,\u00a0 la tradition de la fabrication des sabots en bois et des extraordinaires sabots de Bethmale \u00e0 la longue pointe effil\u00e9e. Je propose \u00e9galement des &hellip; Lire la suite\u00ad\u00ad\" \/>\n<meta property=\"og:url\" content=\"http:\/\/artisan-bois-sabots.fr\/wp\/?page_id=51\" \/>\n<meta property=\"og:site_name\" content=\"Pascal Jusot - Artisan sabotier\" \/>\n<meta property=\"article:modified_time\" content=\"2021-07-17T14:58:30+00:00\" \/>\n<meta property=\"og:image\" content=\"http:\/\/artisan-bois-sabots.fr\/wp\/wp-content\/uploads\/2014\/04\/savoir_faire.jpg\" \/>\n\t<meta property=\"og:image:width\" content=\"250\" \/>\n\t<meta property=\"og:image:height\" content=\"375\" \/>\n\t<meta property=\"og:image:type\" content=\"image\/jpeg\" \/>\n<meta name=\"twitter:label1\" content=\"Dur\u00e9e de lecture estim\u00e9e\" \/>\n\t<meta name=\"twitter:data1\" content=\"1 minute\" \/>\n<script type=\"application\/ld+json\" class=\"yoast-schema-graph\">{\"@context\":\"https:\/\/schema.org\",\"@graph\":[{\"@type\":\"WebPage\",\"@id\":\"http:\/\/artisan-bois-sabots.fr\/wp\/?page_id=51\",\"url\":\"http:\/\/artisan-bois-sabots.fr\/wp\/?page_id=51\",\"name\":\"Qui sommes-nous ? - Pascal Jusot - Artisan sabotier\",\"isPartOf\":{\"@id\":\"http:\/\/artisan-bois-sabots.fr\/wp\/#website\"},\"primaryImageOfPage\":{\"@id\":\"http:\/\/artisan-bois-sabots.fr\/wp\/?page_id=51#primaryimage\"},\"image\":{\"@id\":\"http:\/\/artisan-bois-sabots.fr\/wp\/?page_id=51#primaryimage\"},\"thumbnailUrl\":\"http:\/\/artisan-bois-sabots.fr\/wp\/wp-content\/uploads\/2014\/04\/savoir_faire.jpg\",\"datePublished\":\"2014-04-13T18:56:57+00:00\",\"dateModified\":\"2021-07-17T14:58:30+00:00\",\"breadcrumb\":{\"@id\":\"http:\/\/artisan-bois-sabots.fr\/wp\/?page_id=51#breadcrumb\"},\"inLanguage\":\"fr-FR\",\"potentialAction\":[{\"@type\":\"ReadAction\",\"target\":[\"http:\/\/artisan-bois-sabots.fr\/wp\/?page_id=51\"]}]},{\"@type\":\"ImageObject\",\"inLanguage\":\"fr-FR\",\"@id\":\"http:\/\/artisan-bois-sabots.fr\/wp\/?page_id=51#primaryimage\",\"url\":\"http:\/\/artisan-bois-sabots.fr\/wp\/wp-content\/uploads\/2014\/04\/savoir_faire.jpg\",\"contentUrl\":\"http:\/\/artisan-bois-sabots.fr\/wp\/wp-content\/uploads\/2014\/04\/savoir_faire.jpg\",\"width\":250,\"height\":375,\"caption\":\"Pnr\"},{\"@type\":\"BreadcrumbList\",\"@id\":\"http:\/\/artisan-bois-sabots.fr\/wp\/?page_id=51#breadcrumb\",\"itemListElement\":[{\"@type\":\"ListItem\",\"position\":1,\"name\":\"Accueil\",\"item\":\"http:\/\/artisan-bois-sabots.fr\/wp\"},{\"@type\":\"ListItem\",\"position\":2,\"name\":\"Qui sommes-nous ?\"}]},{\"@type\":\"WebSite\",\"@id\":\"http:\/\/artisan-bois-sabots.fr\/wp\/#website\",\"url\":\"http:\/\/artisan-bois-sabots.fr\/wp\/\",\"name\":\"Pascal Jusot - Artisan sabotier\",\"description\":\"Sabots en bois - Ari\u00e8ge - Pyr\u00e9n\u00e9es\",\"potentialAction\":[{\"@type\":\"SearchAction\",\"target\":{\"@type\":\"EntryPoint\",\"urlTemplate\":\"http:\/\/artisan-bois-sabots.fr\/wp\/?s={search_term_string}\"},\"query-input\":\"required name=search_term_string\"}],\"inLanguage\":\"fr-FR\"}]}<\/script>\n<!-- \/ Yoast SEO plugin. -->","yoast_head_json":{"title":"Qui sommes-nous ? - Pascal Jusot - Artisan sabotier","robots":{"index":"index","follow":"follow","max-snippet":"max-snippet:-1","max-image-preview":"max-image-preview:large","max-video-preview":"max-video-preview:-1"},"canonical":"http:\/\/artisan-bois-sabots.fr\/wp\/?page_id=51","og_locale":"fr_FR","og_type":"article","og_title":"Qui sommes-nous ? - Pascal Jusot - Artisan sabotier","og_description":"Install\u00e9 dans les Pyr\u00e9n\u00e9es, en Ari\u00e8ge, dans la fameuse vall\u00e9e de Bethmale, je perp\u00e9tue, depuis 1984,\u00a0 la tradition de la fabrication des sabots en bois et des extraordinaires sabots de Bethmale \u00e0 la longue pointe effil\u00e9e. Je propose \u00e9galement des &hellip; Lire la suite\u00ad\u00ad","og_url":"http:\/\/artisan-bois-sabots.fr\/wp\/?page_id=51","og_site_name":"Pascal Jusot - Artisan sabotier","article_modified_time":"2021-07-17T14:58:30+00:00","og_image":[{"width":250,"height":375,"url":"http:\/\/artisan-bois-sabots.fr\/wp\/wp-content\/uploads\/2014\/04\/savoir_faire.jpg","type":"image\/jpeg"}],"twitter_misc":{"Dur\u00e9e de lecture estim\u00e9e":"1 minute"},"schema":{"@context":"https:\/\/schema.org","@graph":[{"@type":"WebPage","@id":"http:\/\/artisan-bois-sabots.fr\/wp\/?page_id=51","url":"http:\/\/artisan-bois-sabots.fr\/wp\/?page_id=51","name":"Qui sommes-nous ? - Pascal Jusot - Artisan sabotier","isPartOf":{"@id":"http:\/\/artisan-bois-sabots.fr\/wp\/#website"},"primaryImageOfPage":{"@id":"http:\/\/artisan-bois-sabots.fr\/wp\/?page_id=51#primaryimage"},"image":{"@id":"http:\/\/artisan-bois-sabots.fr\/wp\/?page_id=51#primaryimage"},"thumbnailUrl":"http:\/\/artisan-bois-sabots.fr\/wp\/wp-content\/uploads\/2014\/04\/savoir_faire.jpg","datePublished":"2014-04-13T18:56:57+00:00","dateModified":"2021-07-17T14:58:30+00:00","breadcrumb":{"@id":"http:\/\/artisan-bois-sabots.fr\/wp\/?page_id=51#breadcrumb"},"inLanguage":"fr-FR","potentialAction":[{"@type":"ReadAction","target":["http:\/\/artisan-bois-sabots.fr\/wp\/?page_id=51"]}]},{"@type":"ImageObject","inLanguage":"fr-FR","@id":"http:\/\/artisan-bois-sabots.fr\/wp\/?page_id=51#primaryimage","url":"http:\/\/artisan-bois-sabots.fr\/wp\/wp-content\/uploads\/2014\/04\/savoir_faire.jpg","contentUrl":"http:\/\/artisan-bois-sabots.fr\/wp\/wp-content\/uploads\/2014\/04\/savoir_faire.jpg","width":250,"height":375,"caption":"Pnr"},{"@type":"BreadcrumbList","@id":"http:\/\/artisan-bois-sabots.fr\/wp\/?page_id=51#breadcrumb","itemListElement":[{"@type":"ListItem","position":1,"name":"Accueil","item":"http:\/\/artisan-bois-sabots.fr\/wp"},{"@type":"ListItem","position":2,"name":"Qui sommes-nous ?"}]},{"@type":"WebSite","@id":"http:\/\/artisan-bois-sabots.fr\/wp\/#website","url":"http:\/\/artisan-bois-sabots.fr\/wp\/","name":"Pascal Jusot - Artisan sabotier","description":"Sabots en bois - Ari\u00e8ge - Pyr\u00e9n\u00e9es","potentialAction":[{"@type":"SearchAction","target":{"@type":"EntryPoint","urlTemplate":"http:\/\/artisan-bois-sabots.fr\/wp\/?s={search_term_string}"},"query-input":"required name=search_term_string"}],"inLanguage":"fr-FR"}]}},"_links":{"self":[{"href":"http:\/\/artisan-bois-sabots.fr\/wp\/index.php?rest_route=\/wp\/v2\/pages\/51"}],"collection":[{"href":"http:\/\/artisan-bois-sabots.fr\/wp\/index.php?rest_route=\/wp\/v2\/pages"}],"about":[{"href":"http:\/\/artisan-bois-sabots.fr\/wp\/index.php?rest_route=\/wp\/v2\/types\/page"}],"author":[{"embeddable":true,"href":"http:\/\/artisan-bois-sabots.fr\/wp\/index.php?rest_route=\/wp\/v2\/users\/1"}],"replies":[{"embeddable":true,"href":"http:\/\/artisan-bois-sabots.fr\/wp\/index.php?rest_route=%2Fwp%2Fv2%2Fcomments&post=51"}],"version-history":[{"count":8,"href":"http:\/\/artisan-bois-sabots.fr\/wp\/index.php?rest_route=\/wp\/v2\/pages\/51\/revisions"}],"predecessor-version":[{"id":1711,"href":"http:\/\/artisan-bois-sabots.fr\/wp\/index.php?rest_route=\/wp\/v2\/pages\/51\/revisions\/1711"}],"wp:featuredmedia":[{"embeddable":true,"href":"http:\/\/artisan-bois-sabots.fr\/wp\/index.php?rest_route=\/wp\/v2\/media\/62"}],"wp:attachment":[{"href":"http:\/\/artisan-bois-sabots.fr\/wp\/index.php?rest_route=%2Fwp%2Fv2%2Fmedia&parent=51"}],"curies":[{"name":"wp","href":"https:\/\/api.w.org\/{rel}","templated":true}]}}

<p>Installé dans les Pyrénées, en Ariège, dans la fameuse vallée de Bethmale, je perpétue, depuis 1984,  la tradition de la fabrication des sabots en bois et des extraordinaires sabots de Bethmale à la longue pointe effilée.</p>
<p>Je propose également des objets de décoration sur le thème du sabot et effectue des reproductions d&rsquo;objets traditionnels tels le lérou, la cuillère à écrémer et la quenouille en bois.</p>
<p>Mon entreprise a reçu le label « ENTREPRISE du PATRIMOINE VIVANT », reconnaissance du savoir-faire rare reposant sur la maîtrise de techniques traditionnelles. Les sabots et la majorité des objets que je façonne ont reçu le label « Savoir-faire du Parc Naturel Régional des Pyrénées Ariégeoises »</p>
<p>En venant me voir profitez-en pour découvrir un Pays exceptionnel de traditions et de légendes ! toutes les informations vous seront données par <a href="https://www.tourisme-couserans-pyrenees.com/" rel="noopener" target="_blank">l&rsquo;office de Tourisme Couserans-Pyrenees</a>.</p>

<p>Installé dans les Pyrénées, en Ariège, dans la fameuse vallée de Bethmale, je perpétue, depuis 1984,  la tradition de la fabrication des sabots en bois et des extraordinaires sabots de Bethmale à la longue pointe effilée. Je propose également des &hellip; <a href="http://artisan-bois-sabots.fr/wp/?page_id=51">Lire la suite­­</a></p>

<!-- This site is optimized with the Yoast SEO plugin v22.8 - https://yoast.com/wordpress/plugins/seo/ -->
<title>Qui sommes-nous ? - Pascal Jusot - Artisan sabotier</title>
<meta name="robots" content="index, follow, max-snippet:-1, max-image-preview:large, max-video-preview:-1" />
<link rel="canonical" href="http://artisan-bois-sabots.fr/wp/?page_id=51" />
<meta property="og:locale" content="fr_FR" />
<meta property="og:type" content="article" />
<meta property="og:title" content="Qui sommes-nous ? - Pascal Jusot - Artisan sabotier" />
<meta property="og:description" content="Installé dans les Pyrénées, en Ariège, dans la fameuse vallée de Bethmale, je perpétue, depuis 1984,  la tradition de la fabrication des sabots en bois et des extraordinaires sabots de Bethmale à la longue pointe effilée. Je propose également des &hellip; Lire la suite­­" />
<meta property="og:url" content="http://artisan-bois-sabots.fr/wp/?page_id=51" />
<meta property="og:site_name" content="Pascal Jusot - Artisan sabotier" />
<meta property="article:modified_time" content="2021-07-17T14:58:30+00:00" />
<meta property="og:image" content="http://artisan-bois-sabots.fr/wp/wp-content/uploads/2014/04/savoir_faire.jpg" />
	<meta property="og:image:width" content="250" />
	<meta property="og:image:height" content="375" />
	<meta property="og:image:type" content="image/jpeg" />
<meta name="twitter:label1" content="Durée de lecture estimée" />
	<meta name="twitter:data1" content="1 minute" />
<script type="application/ld+json" class="yoast-schema-graph">{"@context":"https://schema.org","@graph":[{"@type":"WebPage","@id":"http://artisan-bois-sabots.fr/wp/?page_id=51","url":"http://artisan-bois-sabots.fr/wp/?page_id=51","name":"Qui sommes-nous ? - Pascal Jusot - Artisan sabotier","isPartOf":{"@id":"http://artisan-bois-sabots.fr/wp/#website"},"primaryImageOfPage":{"@id":"http://artisan-bois-sabots.fr/wp/?page_id=51#primaryimage"},"image":{"@id":"http://artisan-bois-sabots.fr/wp/?page_id=51#primaryimage"},"thumbnailUrl":"http://artisan-bois-sabots.fr/wp/wp-content/uploads/2014/04/savoir_faire.jpg","datePublished":"2014-04-13T18:56:57+00:00","dateModified":"2021-07-17T14:58:30+00:00","breadcrumb":{"@id":"http://artisan-bois-sabots.fr/wp/?page_id=51#breadcrumb"},"inLanguage":"fr-FR","potentialAction":[{"@type":"ReadAction","target":["http://artisan-bois-sabots.fr/wp/?page_id=51"]}]},{"@type":"ImageObject","inLanguage":"fr-FR","@id":"http://artisan-bois-sabots.fr/wp/?page_id=51#primaryimage","url":"http://artisan-bois-sabots.fr/wp/wp-content/uploads/2014/04/savoir_faire.jpg","contentUrl":"http://artisan-bois-sabots.fr/wp/wp-content/uploads/2014/04/savoir_faire.jpg","width":250,"height":375,"caption":"Pnr"},{"@type":"BreadcrumbList","@id":"http://artisan-bois-sabots.fr/wp/?page_id=51#breadcrumb","itemListElement":[{"@type":"ListItem","position":1,"name":"Accueil","item":"http://artisan-bois-sabots.fr/wp"},{"@type":"ListItem","position":2,"name":"Qui sommes-nous ?"}]},{"@type":"WebSite","@id":"http://artisan-bois-sabots.fr/wp/#website","url":"http://artisan-bois-sabots.fr/wp/","name":"Pascal Jusot - Artisan sabotier","description":"Sabots en bois - Ariège - Pyrénées","potentialAction":[{"@type":"SearchAction","target":{"@type":"EntryPoint","urlTemplate":"http://artisan-bois-sabots.fr/wp/?s={search_term_string}"},"query-input":"required name=search_term_string"}],"inLanguage":"fr-FR"}]}</script>
<!-- / Yoast SEO plugin. -->

Installé dans les Pyrénées, en Ariège, dans la fameuse vallée de Bethmale, je perpétue, depuis 1984,  la tradition de la fabrication des sabots en bois et des extraordinaires sabots de Bethmale à la longue pointe effilée. Je propose également des &hellip; Lire la suite­­

Sabots en bois - Ariège - Pyrénées
